 h.
3, 5
Suppose -2*g = -5*g + 135. Suppose 5*d - g = 55. What are the prime factors of d?
2, 5
Let g = 3 - -2. Suppose -2*u + 0 = -2, 2*a - g*u - 7 = 0. List the prime factors of a.
2, 3
Let d(f) = 8*f - 1. Suppose 2*t + 7 + 3 = i, 0 = -5*i + 5*t + 30. What are the prime factors of d(i)?
3, 5
Let g = -11 - 2. Let b be (-10 + 4)*(-7)/2. Let z = b + g. What are the prime factors of z?
2
Let t be (-1)/(-1) + 600/8. Suppose 125 = 5*u - 0*m - 3*m, 0 = 3*u - 2*m - t. List the prime factors of u.
2, 11
Let i be 11 + -2*2/4. Let y = i + -2. Let d = 11 - y. List the prime factors of d.
3
Let p = 3 - 10. Let q = -3 - p. Suppose -4*k + q = -2*k. List the prime factors of k.
2
Let u = 2 + 6. Let c = u + -6. What are the prime factors of c?
2
Let r = 489 + -132. List the prime factors of r.
3, 7, 17
Let b = 0 - 1. Let t(x) = x**2 - x. Let h(k) = k**3 - k**2 - 2*k + 1. Let n(y) = b*h(y) + 3*t(y). List the prime factors of n(3).
5
Let w = 8 - -18. Let o = 7 + w. What are the prime factors of o?
3, 11
Suppose 3*x = t - 2, -3*t - 4*x = -2*x - 28. Suppose 0*k - 8 = 5*k - 4*u, -4*k + 5*u - 1 = 0. Let m = k + t. List the prime factors of m.
2
Let h be (-2)/8 + (-10)/(-8). Suppose -h = 2*z - 17. What are the prime factors of z?
2
Let d(p) = p**3 - p**2 - p + 5. Let f be d(0). Suppose -20 = -f*g + 45. What are the prime factors of g?
13
Suppose -2*g = -0*g - 4. Suppose 82 = 5*w + g. What are the prime factors of w?
2
Let p(j) = -159*j**3 + j. Let k be p(-1). Let i = k + -101. Let a = -40 + i. What are the prime factors of a?
17
Suppose 0 = 2*d + 2*q - 484, 240 = -3*d + 4*d + 3*q. What are the prime factors of d?
3
Suppose 0*i - 3*i - 18 = 0. What are the prime factors of i/(-2) + 1 + -2?
2
Let q(m) = m + 2. Let y be q(2). Suppose -1 + 27 = -y*h + 2*w, 0 = 5*h - 4*w + 31. Let g(l) = l**3 + 7*l**2 - l - 3. What are the prime factors of g(h)?
2
Let v = 7 - 5. Suppose -6*k + 15 = -k. What are the prime factors of -1 - k/v*-2?
2
Suppose -2*j - 2*j - 24 = 0. List the prime factors of ((-26)/(-3))/(j/(-9)).
13
Let q be 1/2 + (-10)/(-4). Suppose -q*w = 3, -98 = 6*p - 2*p + 2*w. What are the prime factors of (-1)/((15/p)/5)?
2
Let q(g) = g**3 + 4*g**2 - 5*g + 5. Let y be q(-5). Suppose -59 = -4*b + w, -y*b + 5*w + 23 = -47. List the prime factors of b.
3, 5
List the prime factors of (-1)/(5/15 - 98/285).
5, 19
Suppose -72 - 24 = -4*q. Suppose 4*c - q = -2*p, -6 = -2*p + 4*c - 22. List the prime factors of p.
2
Let z = -2 + 0. Let d be 81 + -3 - (z + 1). Suppose -5*u = -11 - d. List the prime factors of u.
2, 3
Let p(k) = -k + 4. Let y be p(4). Suppose 4*z + z - 45 = y. What are the prime factors of (-47)/(-9) + (-2)/z?
5
Let j = 543 - 358. What are the prime factors of j?
5, 37
Let w(x) = -x**3 + 9*x**2 - 7*x + 3. List the prime factors of w(6).
3, 23
Let v = -10 + 10. Suppose 2*h + 2*h - 12 = v, -3*h - 35 = -2*t. List the prime factors of t.
2, 11
Suppose 79 = 5*u - 116. List the prime factors of u.
3, 13
Suppose -4*c = 2 + 18. Let j = c - -7. What are the prime factors of j?
2
Suppose -s - 24 = -5*r, 3*s - 4 = -6*r + 2*r. Suppose x - r*x = -57. What are the prime factors of x?
19
Let i(z) = -7*z - 5. What are the prime factors of i(-2)?
3
Let j(i) = -18*i - 17. List the prime factors of j(-4).
5, 11
List the prime factors of 9/27 - (-179)/3.
2, 3, 5
Let z(n) = -n**2 - 26*n - 21. List the prime factors of z(-19).
2, 7
Let m = 7 - -4. What are the prime factors of m?
11
Let a = -19 + 34. List the prime factors of a.
3, 5
Let m(z) = 11*z - z**2 + 4*z**2 + 5 - 4*z**2. List the prime factors of m(9).
23
Suppose -5*p + 5 = 3*h + 44, 5*p + 23 = -h. List the prime factors of (2 + h/6)*24.
2
Suppose 5*g = 3*p + 345, g + g - 5*p - 157 = 0. List the prime factors of g.
2, 3, 11
Let r be (-26)/(-8) + (-2)/8. Suppose r*p + p + 4 = 0. Let f = p - -3. What are the prime factors of f?
2
Let z = -5 + -2. Let a = -5 - z. List the prime factors of -18*a*(-1)/6.
2, 3
Let v(y) = -20*y - 11. What are the prime factors of v(-4)?
3, 23
Suppose 12*j - 10*j - 100 = 0. List the prime factors of j.
2, 5
Let s = -6 + 4. Suppose -2*j + 5 = -1. Let i = j - s. List the prime factors of i.
5
Suppose 0*k + k + 188 = 2*o, -88 = -o + 2*k. What are the prime factors of o?
2, 3
Let t be (46 + -2)/2 + -1. Suppose -5*h + 4 + t = 0. What are the prime factors of h?
5
Suppose 25 = -5*o, -3*b + o = -51 + 1. Let s = 34 - b. What are the prime factors of s?
19
Let a(o) = o**2 - o + 1. Let b be a(3). Suppose -3 - b = -x. List the prime factors of x.
2, 5
Let p = -14 + 30. List the prime factors of p.
2
Let w = 28 + 14. List the prime factors of w.
2, 3, 7
Suppose -15 = 5*m + 5. Let c(p) = -p**2 - 6*p - 5. Let g be c(m). Let j = 0 + g. What are the prime factors of j?
3
Let c(q) = -q + 21. Let l be c(0). Let k = -12 + l. List the prime factors of k.
3
Let n = 171 - 120. Let q be (-6)/(-21) - (-233)/(-7). Let y = q + n. What are the prime factors of y?
2, 3
What are the prime factors of (612/(-4))/(-1) - 6/2?
2, 3, 5
Let w(h) = -h**3 + 8*h**2 - 8*h + 9. Let q be w(5). Suppose 7*d - q = 3*d. List the prime factors of d.
11
Suppose 0 = 5*o - 3*t - 24, -3 = o + 2*o + 4*t. Suppose o*i - 1 - 26 = 0. Suppose v - 6 = u, 5*v - 13 = u + i. What are the prime factors of v?
2
Suppose -k - 3*s = -6*k + 31, -4*s = -12. Suppose 2*t + 5*w = 86, -3*t + 3*w + 119 = k*w. List the prime factors of t.
3, 11
Let r(s) = -3*s + 5*s + 4*s - 2*s - 10. What are the prime factors of r(7)?
2, 3
Suppose f + 0*f - 388 = -2*s, f = 2*s + 368. What are the prime factors of f?
2, 3, 7
Suppose 4*s - 14 - 8 = 2*a, 2*a = -s - 2. What are the prime factors of (-6 - 0)*(-2)/s?
3
Let b be (-6 - -5)/(1/(-4)). List the prime factors of ((-17)/b)/(2/(-8)).
17
Suppose 0 = j + 3*l - 53, 4*l = 3*j + 4 - 228. What are the prime factors of j?
2, 17
Let l = 3 - 1. Suppose k - y + 2 = -0*k, -2*y = -4*k - 4. Suppose -3*v + l*v + 2 = k. List the prime factors of v.
2
Let u(o) = -o**3 + 10*o**2 - 10*o + 2. Let s be u(9). List the prime factors of 6/(-21) - 142/s.
2, 5
Let u(n) = n**3 - 10*n**2 + 10*n - 6. Let k be u(9). Suppose 27 = 3*q - 0*r + 4*r, 3*q = k*r + 27. What are the prime factors of q?
3
Let u = -1 - -11. What are the prime factors of u?
2, 5
Suppose 0 = -3*m + 5*n - 40, 5*m = m + 3*n - 68. Let t = -10 - m. What are the prime factors of t?
2, 5
Suppose 0*d + 5*d + 10452 = n, 3*d + 5*n + 6260 = 0. Let f be (-4)/(-14) + d/(-35). Suppose -5*i + f = -i. What are the prime factors of i?
3, 5
Suppose -2*r + 6 = 4. Suppose 0 = -2*n + 11 - r. Suppose 5*a + 5*f - 65 = -0*f, -n*f = -5*a + 35. List the prime factors of a.
2, 5
Let k(d) = -d**3 + 6*d**2 + 2*d - 3. List the prime factors of k(6).
3
Let k = -16 - -11. Let c = 8 + k. List the prime factors of c.
3
Let q(s) = 3*s**2 - 5*s - 4. Let a be q(4). Let b = a - 2. List the prime factors of b.
2, 11
Suppose -3*l = -7*l + 16. Suppose l*k = 5*p + 78, 0 = -2*k + k + 5*p + 12. What are the prime factors of k?
2, 11
Suppose 0 = d + 3*n - 15, -5 = -4*d + 9*d - n. Suppose -5*k + 2*k + 63 = d. List the prime factors of k.
3, 7
Suppose 2*p = -3*w - 4, 0 = 5*p - 17 - 3. Let d be 6/w*40/(-15). Suppose -5*f + d + 21 = 0. What are the prime factors of f?
5
Let k(h) = -18*h**3 + h**2 - 2*h - 2. List the prime factors of k(-2).
2, 3, 5
Let c = -12 - -18. What are the prime factors of c?
2, 3
Let z(n) = 60*n - 4. Let g(u) = -20*u + 1. Let r(k) = -7*g(k) - 2*z(k). Let l be r(6). Suppose 5*f + 31 = l. List the prime factors of f.
2, 3
Let v be 3/(-6)*-44 + 1. Let u = v + -14. What are the prime factors of u?
3
Let l = 2 + 13. Suppose o = -2*o + l. What are the prime factors of o?
5
Suppose 2 = 5*r + 2*q, -2*r - 4*q + 2 - 14 = 0. Suppose -4 = -4*d + r*d. What are the prime factors of d?
2
Suppose 0 = p + 1, -4*l - p + 7 = 4*p. Suppose l*f - 6 = 5*f. List the prime factors of -2 - (-1 - 0) - f.
2
Suppose 192 = 4*f - 96. Suppose -v + t + 8 = -16, 3*v + 2*t = f. What are the prime factors of v?
2, 3
Suppose -2*g = 2*o - 3*g - 79, 5*o + 3*g = 214. What are the prime factors of o?
41
Suppose -8*n = -n - 168. What are the prime factors of n?
2, 3
Let j(t) = t. Let d(z) = 1. Let m(q) = d(q) - 3*j(q). Suppose l + 0 = -1. List the prime factors of m(l).
2
Let l(w) = -w**3 + w**2 - w - 3. Let s be l(0). Let i be (1/s)/(5/30). Let y = i - -